{"id":28,"date":"2020-05-25T09:16:02","date_gmt":"2020-05-25T09:16:02","guid":{"rendered":"http:\/\/kug-forst.de\/?page_id=28"},"modified":"2020-05-25T09:28:40","modified_gmt":"2020-05-25T09:28:40","slug":"impressum","status":"publish","type":"page","link":"https:\/\/kug-forst.de\/?page_id=28","title":{"rendered":"Impressum"},"content":{"rendered":"\n<p><strong>Allgemein<\/strong><br>Unser Internet-Angebot haben wir sehr sorgf\u00e4ltig zusammengestellt. Es wird st\u00e4ndig erweitert und aktualisiert. Wir k\u00f6nnen jedoch f\u00fcr die Richtigkeit und Vollst\u00e4ndigkeit der Angaben keine Haftung \u00fcbernehmen.<\/p>\n\n\n\n<p>Verantwortlich f\u00fcr die auf der Website ver\u00f6ffentlichten Inhalte ist der Betreiber der Website.<\/p>\n\n\n\n<p><strong>Betreiber der Website<br><\/strong>Kunststoff- und Umwelttechnik GmbH<br>Waldstra\u00dfe 14<br>03149 Forst\/Lausitz<\/p>\n\n\n\n<p>Tel: +49 (0)3562 983562<br>Fax: +49 (0)3562 984131<\/p>\n\n\n\n<p><a href=\"mailto:info@kug-forst.de\">info@kug-forst.de<\/a><\/p>\n\n\n\n<p>Gesch\u00e4ftsf\u00fchrer Dr. R. Unger<br>HRB 2562 (Amtsgericht Cottbus)<\/p>\n\n\n\n<p>Umsatzsteuer-Identifikationsnummer: DE 156357220<\/p>\n\n\n\n<p><strong>Haftungshinweis<\/strong><\/p>\n\n\n\n<p>Trotz sorgf\u00e4ltiger inhaltlicher Kontrolle \u00fcbernehmen wir keine Haftung f\u00fcr die Inhalte externer Links. F\u00fcr den Inhalt der verlinkten Seiten sind ausschlie\u00dflich deren Betreiber verantwortlich.<\/p>\n\n\n\n<p><strong>Urheberrecht<\/strong><\/p>\n\n\n\n<p>Der Inhalt der gesamten Website inklusive aller Grafiken und Bilder sowie die Textbeitr\u00e4ge sind urheberrechtlich gesch\u00fctzt.&nbsp;<\/p>\n","protected":false},"excerpt":{"rendered":"<p>AllgemeinUnser Internet-Angebot haben wir sehr sorgf\u00e4ltig zusammengestellt. Es wird st\u00e4ndig erweitert und aktualisiert. Wir k\u00f6nnen jedoch f\u00fcr die Richtigkeit und Vollst\u00e4ndigkeit der Angaben keine Haftung \u00fcbernehmen. Verantwortlich f\u00fcr die auf der Website ver\u00f6ffentlichten Inhalte ist der Betreiber der Website. Betreiber der WebsiteKunststoff- und Umwelttechnik GmbHWaldstra\u00dfe 1403149 Forst\/Lausitz Tel: +49 (0)3562 983562Fax: +49 (0)3562 984131 info@kug-forst.de [&hellip;]<\/p>\n","protected":false},"author":1,"featured_media":0,"parent":0,"menu_order":0,"comment_status":"closed","ping_status":"closed","template":"","meta":[],"_links":{"self":[{"href":"https:\/\/kug-forst.de\/index.php?rest_route=\/wp\/v2\/pages\/28"}],"collection":[{"href":"https:\/\/kug-forst.de\/index.php?rest_route=\/wp\/v2\/pages"}],"about":[{"href":"https:\/\/kug-forst.de\/index.php?rest_route=\/wp\/v2\/types\/page"}],"author":[{"embeddable":true,"href":"https:\/\/kug-forst.de\/index.php?rest_route=\/wp\/v2\/users\/1"}],"replies":[{"embeddable":true,"href":"https:\/\/kug-forst.de\/index.php?rest_route=%2Fwp%2Fv2%2Fcomments&post=28"}],"version-history":[{"count":2,"href":"https:\/\/kug-forst.de\/index.php?rest_route=\/wp\/v2\/pages\/28\/revisions"}],"predecessor-version":[{"id":48,"href":"https:\/\/kug-forst.de\/index.php?rest_route=\/wp\/v2\/pages\/28\/revisions\/48"}],"wp:attachment":[{"href":"https:\/\/kug-forst.de\/index.php?rest_route=%2Fwp%2Fv2%2Fmedia&parent=28"}],"curies":[{"name":"wp","href":"https:\/\/api.w.org\/{rel}","templated":true}]}}